e 12, what is 7 - -34?
3b
In base 12, what is -11 + 1013?
1002
In base 2, what is -101001 - 111?
-110000
In base 6, what is -4 + -434?
-442
In base 16, what is -4 + -2c?
-30
In base 13, what is 5 + 8?
10
In base 15, what is 1 + -680?
-67e
In base 4, what is -311 - 31?
-1002
In base 10, what is -8645 - 5?
-8650
In base 8, what is 16 - 65?
-47
In base 4, what is 1211 - 3?
1202
In base 16, what is 7d + -5?
78
In base 5, what is 11 - -1442?
2003
In base 16, what is 8 + 31?
39
In base 10, what is 3 - 38?
-35
In base 7, what is 225 - 2?
223
In base 8, what is 551 - 13?
536
In base 12, what is 7 - 20?
-15
In base 2, what is 1000000011 + -100?
111111111
In base 16, what is 1 + 78?
79
In base 16, what is -51f + -1?
-520
In base 14, what is -47 + -15?
-5c
In base 3, what is 10201 + -10?
10121
In base 11, what is 5 + -5a8?
-5a3
In base 11, what is 3 - -1a23?
1a26
In base 10, what is 310 + 1?
311
In base 15, what is -6 - 351?
-357
In base 6, what is -142 - 101?
-243
In base 5, what is 41 - 4?
32
In base 4, what is 11 + 231?
302
In base 12, what is 1 + 1b2?
1b3
In base 4, what is -12 + 120100?
120022
In base 14, what is -20 + 3?
-1b
In base 8, what is -2 + 2001?
1777
In base 7, what is -1 - -2220?
2216
In base 3, what is -11 - -1011?
1000
In base 2, what is -1000 - 11?
-1011
In base 6, what is 1535 + -5?
1530
In base 5, what is -4 + -13124?
-13133
In base 3, what is -110 + -11?
-121
In base 2, what is 101 + 11110110?
11111011
In base 16, what is -e49 + 8?
-e41
In base 2, what is -110011 + 1000?
-101011
In base 14, what is -2 - -6?
4
In base 2, what is -11 - 110101?
-111000
In base 4, what is 330 + 11?
1001
In base 12, what is 14 - -5?
19
In base 15, what is -e + 7?
-7
In base 15, what is 961 - 0?
961
In base 10, what is -22 + 130?
108
In base 11, what is 1 - -57?
58
In base 8, what is -1 + 125?
124
In base 6, what is -15 + 222?
203
In base 7, what is -1 - 14415?
-14416
In base 12, what is -43a8 + -3?
-43ab
In base 10, what is -202 + 4?
-198
In base 10, what is -3270 - 4?
-3274
In base 9, what is -20 + -177?
-207
In base 2, what is 100000 + 100000?
1000000
In base 9, what is 33 - -137?
171
In base 15, what is 1ee9 + 4?
1eed
In base 3, what is 22220 - -1?
22221
In base 14, what is -3 + 3?
0
In base 12, what is 12 + 9?
1b
In base 13, what is -61 + -77?
-108
In base 6, what is 1221 - 14?
1203
In base 8, what is -1434 + -1?
-1435
In base 5, what is 10 + 10413?
10423
In base 12, what is -3 - -67?
64
In base 2, what is -1000110101 + 1101?
-1000101000
In base 9, what is 3 - -2107?
2111
In base 9, what is -38 + 436?
387
In base 15, what is 9 - 100a?
-1001
In base 10, what is -2 - -193?
191
In base 15, what is -176d + -3?
-1771
In base 16, what is a + e?
18
In base 16, what is -1 - 20?
-21
In base 10, what is -5 + 11?
6
In base 13, what is 3 - 223?
-220
In base 8, what is -60 - -15?
-43
In base 8, what is -77 - -1?
-76
In base 14, what is 0 + -1?
-1
In base 3, what is 21102222 - -1?
21110000
In base 9, what is -5150 - 5?
-5155
In base 11, what is -34 + 96?
62
In base 13, what is 509 + -1?
508
In base 12, what is 13 - 96?
-83
In base 15, what is -9 + -4eb?
-505
In base 8, what is 33 + 20?
53
In base 7, what is -1 + -4325?
-4326
In base 3, what is 10210 + 1?
10211
In base 2, what is -11001110 - 110110?
-100000100
In base 13, what is -2 + -58c?
-591
In base 10, what is -33 - 91?
-124
In base 15, what is 0 - 323?
-323
In base 15, what is 61c + -2?
61a
In base 5, what is -4301 - 22?
-4323
In base 3, what is -12 + -10220?
-11002
In base 3, what is -11002 - -102121?
21112
In base 11, what is -3 - -69a?
697
In base 3, what is -211221 + -11?
-212002
In base 16, what is -53 - -25?
-2e
In base 12, what is -716 + 5?
-711
In base 16, what is 5 + -67?
-62
In base 12, what is -205 - 5?
-20a
In base 3, what is 20202120 + -20?
20202100
In base 12, what is -10 - -13?
3
In base 10, what is 157 - 0?
157
In base 9, what is -3 + -1832?
-1835
In base 5, what is -12 + -24?
-41
In base 2, what is -100 - 10111000?
-10111100
In base 7, what is -2 + 325?
323
In base 7, what is -1053 + -5?
-1061
In base 3, what is -1012021 + -11?
-1012102
In base 15, what is -4 + -7?
-b
In base 7, what is 134 - -1?
135
In base 13, what is 1 + -1c83?
-1c82
In base 9, what is -2 - -5?
3
In base 9, what is -27 - -4?
-23
In base 8, what is -104 - 10?
-114
In base 11, what is -5 + 54?
4a
In base 3, what is 11 + 1?
12
In base 11, what is 3 - -26?
29
In base 8, what is -2 + 521?
517
In base 11, what is 4 + 53?
57
In base 15, what is 391 + 3?
394
In base 13, what is 5b3 + 1?
5b4
In base 14, what is 156 + 2?
158
In base 12, what is -2 - 62?
-64
In base 2, what is -11001 + -101111010?
-110010011
In base 5, what is 2323 + 0?
2323
In base 3, what is 1 - 10022?
-10021
In base 13, what is -5c - 16?
-75
In base 5, what is -1023 + -4?
-1032
In base 10, what is -1 - -8?
7
In base 6, what is 24 - 5034?
-5010
In base 4, what is -103011 + 0?
-103011
In base 10, what is 2769 - -2?
2771
In base 3, what is -122 - 1?
-200
In base 8, what is 4 + 10507?
10513
In base 12, what is -24 + -2a4?
-308
In base 10, what is -199 - 134?
-333
In base 7, what is 42 + -56?
-14
In base 15, what is -2 + -734?
-736
In base 5, what is -10 - 403?
-413
In base 12, what is -1 - 806?
-807
In base 11, what is a3 - 1?
a2
In base 12, what is -628 + 1?
-627
In base 13, what is 11 + -601?
-5c0
In base 5, what is -142 - -222?
30
In base 10, what is -209 + -19?
-228
In base 16, what is -1f7 - -3?
-1f4
In base 12, what is 213 - 71?
162
In base 14, what is -5 + 14?
d
In base 3, what is 2 + -10220?
-10211
In base 6, what is 1 + 3441?
3442
In base 2, what is -1 + -1101101?
-1101110
In base 15, what is -3 + 153?
150
In base 8, what is -2 + -1202?
-1204
In base 7, what is 62 - 5?
54
In base 7, what is 0 + 243?
243
In base 3, what is 10 - 1012022?
-1012012
In base 12, what is 2b3 + 1?
2b4
In base 2, what is -11110010 - 0?
-11110010
In base 11, what is -1 - -562?
561
In base 10, what is -54 - -1?
-53
In base 12, what is a - -2b1?
2bb
In base 6, what is -43 - 41?
-124
In base 5, what is 1230 - 2?
1223
In base 13, what is 2952 + -5?
294a
In base 4, what is -1130013 - 1?
-1130020
In base 9, what is -1 + -15?
-16
In base 13, what is -10 - -127?
117
In base 3, what is 12 - -2002?
2021
In base 10, what is -129 + 32?
-97
In base 2, what is -100 + -1010001001?
-1010001101
In base 11, what is -219 + -4?
-222
In base 10, what is 1 + 187?
188
In base 15, what is -563 + 6?
-55c
In base 12, what is -1744 - 0?
-1744
In base 15, what is 7 - 7ee?
-7e7
In base 15, what is 1b + 0?
1b
In base 9, what is 2 - 4?
-2
In base 5, what is -21 + -4002?
-4023
In base 4, what is -3 + 132?
123
In base 16, what is -1 + 1?
0
In base 15, what is 2 + -139?
-137
In base 2, what is 110010 + -110?
101100
In base 15, what is -3 - 66b?
-66e
In base 9, what is 2 + 84?
86
In base 15, what is 6a - 1?
69
In base 2, what is -11 - 1111?
-10010
In base 8, what is 2 + -322?
-320
In base 7, what is 2 + -434?
-432
In base 4, what is 2 - -200202?
200210
In base 3, what is -10010 + 12?
-2221
In base 5, what is -10 + 24341?
24331
In base 16, what is -73 + -e?
-81
In base 3, what is 10210 - 1?
10202
In base 6, what is -51120 + 0?
-51120
In base 11, what is -175 + 1?
-174
In base 13, what is -bc + 2?
-ba
In base 14, what is 3 - -2158?
215b
In base 4, what is 1132 + 11?
1203
In base 10, what is -14 - 18?
-32
In base 16, what is -5 + -1f88?
-1f8d
In base 15, what is -3 + 17?
14
In base 12, what is 0 + 4b?
4b
In base 11, what is -111 - 5?
-116
In base 15, what is -4 + -2cb?
-2d0
In base 10, what is -7 - -74?
67
In base 8, what is 213 + 0?
213
In base 4, what is 0 - 12002?
-12002
In base 12, what is -42b - -5?
-426
In base 14, what is 2 - -21?
23
In base 14, what is -4 - -260?
25a
In base 3, what is -20210 - -1100?
-12110
In base 16, what is f - 1e5?
-1d6
In base 10, what is 53 - -213?
266
In base 7, what is -5 + 160?
152
In base 4, what is -2 + 323?
321
In base 15, what is -1 - -6?
5
In base 15, what is -e + -107?
-116
In base 14, what is -13 - -6?
-b
In base 2, what is 100000101110 + 11?
100000110001
In base 2, what is -1 + 111000010?
111000001
In base 3, what is -2222 + -1?
-10000
In base 14, what is -a6d - 2?
-a71
In base 11, what is -1 + -1074?
-1075
In base 3, what is 10000102 + -10?
10000022
In base 6, what is 1 - 20